lse
Suppose -378406 - 418706 = -14*h - 95698. Is h composite?
False
Is ((-5)/(-3))/((-4)/(-1175844)) a prime number?
False
Let b be (-22)/12 + (-48)/288. Is (b/(-1))/(((-6)/(-1637))/3) composite?
False
Is (-60)/(-48) - (((-5499585)/(-20))/(-7) + 3) composite?
True
Let h = -27206 + 54183. Is h a prime number?
False
Is 6/(-2) - (-191349 + -35) a composite number?
True
Suppose -1381*i + 4772004 = -1369*i. Is i a prime number?
False
Let l(y) = 543*y + 326. Is l(31) a prime number?
True
Suppose c - 10 = 4*o, -5*o = 8*c - 5*c + 55. Let x(g) = -g**3 - 2*g**2 + 28*g + 23. Is x(c) prime?
False
Let y(l) = l**3 + 3*l**2 - 5*l - 1. Let x be y(-4). Let i(q) = -160*q**3 + 7*q**2 + 3*q - 7. Let p be i(x). Is (-2 - 2)*p/20 prime?
False
Suppose -18*y + 48748 = 8968. Suppose y + 1280 = 5*u. Is u a prime number?
False
Suppose 2*j - j - 7*j = 0. Suppose v = -4*v + 5*k + 15, j = -5*v + 2*k. Is (-9 + -245)*(3/2 + v) a composite number?
False
Let p(g) = 2267*g**3 + g**2 - 259*g + 2392. Is p(9) a prime number?
False
Suppose -4*u = -5*z - 229 + 11, 6 = -3*z. Is 2*28/8 + u a prime number?
True
Suppose 288*i = 282*i. Suppose -2*l + 2460 = 4*b - 1490, i = -2*l - 2*b + 3948. Is l composite?
False
Let f be -28 + (0 - 1/(2/4)). Is (18516/f)/((-8)/20) a prime number?
True
Suppose 8*y - 2112 = 7648. Let u be (9/4)/(15/1480). Suppose u = -d + y. Is d composite?
True
Suppose -54 = 12*b - 6. Is ((-217232)/4)/(-8 - b) a prime number?
True
Let h(v) = -5*v + 819. Suppose -2*o = 5*g - 5, 0*o = 2*o - 2*g + 2. Let n be h(o). Let j = 2972 - n. Is j a composite number?
False
Suppose -98729 - 512557 = -10*z + 191944. Is z composite?
True
Let a = 56061 - 27784. Is a prime?
True
Suppose -5*r - 5*f = -1138935, -3*f - 543336 = -4*r + 367777. Is r composite?
True
Suppose 0*u = -5*u + 60. Let x = -594 + 340. Is 2/u*-3*x prime?
True
Let m(b) = -b**3 + 2*b**2 + 3*b - 5. Let z be m(2). Let a be (z/(4/124))/1. Suppose 0 = -29*r + a*r - 2234. Is r prime?
True
Let y(c) = -175*c + 18. Let o be y(-6). Suppose -4*u + o = -6*u. Let d = u - -1447. Is d prime?
False
Let g(n) = n**2 - 4*n - 82. Let a be g(-7). Is 3/(3/a) + (2331 - 0) composite?
True
Let w(j) = -j**3 + 12*j**2 - 21*j + 3. Let l = -13 - -26. Suppose 23 + l = 4*o. Is w(o) prime?
False
Let o be 4 - ((-3 - 0) + -1 + 3). Suppose -o*f + 21261 = 746. Is f prime?
False
Suppose t - 5*i + 6 = 1, -4*i = -3*t + 7. Suppose 3*s = -s - 2*c + 173794, t*c + 25 = 0. Is s composite?
False
Suppose 0 = -5*j + 9 + 41. Suppose -j*q - 89 = 181. Let a = 82 + q. Is a composite?
True
Suppose -5*h - 4840 = -z, -10*z - 4826 = -11*z - 2*h. Let c = z + -8242. Let s = c - -6219. Is s a composite number?
True
Suppose -18*u + 101031 = -116787. Let z = u + -4008. Is z prime?
True
Suppose 48*n + 50 = 50*n. Suppose 2*r = m + 10, -4*r + 4*m = r - n. Suppose -r*c - 5*p = -2175, 441 = -0*c + c - 2*p. Is c composite?
True
Let x(n) = -n**3 - 7*n - 2 + 0 - 10*n - 8*n**2 + 3*n. Let r be x(-6). Suppose r*u = -u + 58267. Is u prime?
True
Suppose 26377 = 39*h - 18*h - 12074. Is h composite?
False
Let d be (35/15)/((-2)/6). Let l = -4 - d. Suppose -l*z = 6*z - 8055. Is z prime?
False
Let w(c) = 3*c**3 + 42*c**2 + 46*c - 149. Is w(30) composite?
True
Suppose -4 = -4*l, 4*y - 22*l + 18*l - 58024 = 0. Is y composite?
True
Is (-2 - -7)*-1 + (-16)/(-4) + 4224 a composite number?
True
Let i = -92 - -98. Let b(r) = r**3 + 16*r**2 + 8*r - 8. Let t be b(-9). Suppose -i*k + t = -3059. Is k composite?
True
Let f be -2 - (-2 + (-8)/4). Let v(c) = 17*c + f - 12*c - 3 + 133*c**2. Is v(2) prime?
True
Let y be 0/(-15)*(-1 - -2). Suppose y = -s + 19*s - 50022. Is s a prime number?
False
Let n(w) = 196*w**2 + 166*w - 87. Is n(17) a composite number?
True
Suppose -40*j = -36*j - 7004. Let c = 3684 + j. Is c composite?
True
Suppose 3*m - 646457 = -4*p, -2*p - 137109 = 5*m - 1214528. Is m a composite number?
False
Suppose -6*w + 10*w = 4*y + 12, 0 = w + y - 7. Suppose -2*j + 0*s = 2*s - 32, w*s = 20. Is (-13587)/(-27) + j/(-54) composite?
False
Suppose k + 177297 = 3*i, 138*k = 139*k - 6. Is i a prime number?
False
Suppose 0 = -s + 4 + 1. Let o be 98/42 - (-16)/6. Suppose o*x = s*t - 3620, 3*t + t + 4*x - 2872 = 0. Is t composite?
True
Let n = 33226 - 17267. Is n prime?
True
Suppose -544296 = 59*p - 83*p. Is p a prime number?
True
Let y = -493933 - -821606. Is y a composite number?
False
Let s(b) = -135*b - 69. Let x be s(-2). Let h = 113 + x. Is h a composite number?
True
Let o be (-5)/(-2)*-1*(-16 - -14). Suppose -3*y = -5*l - 2653 - 912, 2*y - 2370 = o*l. Is y a composite number?
True
Let w(x) = -168882*x - 5561. Is w(-10) composite?
False
Let p = -34 - -43. Suppose 3*l = 12 + p. Suppose -l*q + 3315 = -6380. Is q a composite number?
True
Let k = 4914 - 3160. Is k composite?
True
Let r = -313 - -315. Suppose -n + 2*n - 1936 = -p, r*p - 5*n = 3858. Is p prime?
False
Let y be 2/23 + (-125)/115 + 3. Suppose -3*u - 18 = -j, y*u - 38 = -3*j + 7*u. Is j prime?
False
Suppose -11*c + 2*j = -10*c - 4, -5*c + j = -2. Suppose 2*a - 2*d + 0*d = 82, 62 = 2*a + 2*d. Suppose c = l - 287 + a. Is l a composite number?
False
Let c = -92 - -101. Is 33476/12 - 6/c composite?
False
Let u = -11342 - -29049. Is u a composite number?
False
Suppose -16 = 4*f, -2 = -4*m + 3*f + 34. Let x(l) = 2 - 23 + 8*l**2 + m*l + 60. Is x(-16) prime?
False
Let n(m) = 79*m**2 + m + 7. Let t = -44 + 41. Let u be n(t). Let z = u + -128. Is z a prime number?
True
Suppose 0 = r - y - 265, 1156 = 5*r - 2*y - 187. Is r prime?
True
Is (-2380)/7*(-2728)/55 - (7 + -2) prime?
False
Let v(g) = g**3 + g**2 - 13*g + 46. Suppose -19 = -14*a + 23. Is v(a) prime?
True
Suppose 0*a - 4*a = -24, 4*y + 3*a = 4071070. Is y a prime number?
False
Suppose 1931*f - 278174 = 1927*f - 5*w, 4*f = 5*w + 278234. Is f composite?
True
Suppose 0 = 9*l + 848 + 1825. Let o = 551 + l. Suppose -98 = 6*d - o. Is d prime?
False
Let q = -461 - -154. Let v = q + 1145. Is v prime?
False
Let k(b) = 92*b**3 - 7*b**2 + 16*b + 13. Let p(d) = 138*d**3 - 11*d**2 + 24*d + 20. Let u(n) = 8*k(n) - 5*p(n). Is u(3) prime?
False
Let j(o) = -2*o + 18. Suppose -2*a = -3*u - 23, -5*a - 3*u = -8*u - 55. Let k be j(a). Is (6105/(-45))/(k/6) composite?
True
Let i(j) = 5*j - 13. Let r be i(5). Let v(l) = 27 - 58*l - r - 30. Is v(-4) composite?
True
Let w be ((-150)/12 - -3)*-8. Suppose 0 = -w*h + 79*h - 6999. Is h prime?
True
Is (185187/(-2))/(9/2 - 6) a prime number?
True
Suppose -3*w = -18, 3*f + 1050 = -7*w + 6003. Is f a prime number?
True
Let l be 15/(-4)*32/(-24). Suppose 5*h + 4*o = 33103, l*o + 2062 + 4576 = h. Is h prime?
False
Let x be (626/(-5) - -8)*5/(-2). Let y = 2 - -2. Suppose -x = -4*s - y*g + 147, 15 = -5*g. Is s a composite number?
False
Let m(f) = 18213*f**2 + 97*f - 305. Is m(3) prime?
False
Is ((-175706)/(-5))/(((-546)/(-65))/21) a composite number?
False
Suppose 7*l + 83021 - 750198 = 0. Is l prime?
True
Let k(x) = -129755*x - 1838. Is k(-21) prime?
False
Is (-21)/(-56) - (997834/(-16) - -6) a prime number?
False
Let u(s) = -1988*s + 28. Let j be u(-5). Suppose 3*m = -2681 + j. Is m composite?
True
Suppose 4*v = -4*j - 9924, 5*v - 5*j + 10596 + 1759 = 0. Let r = v + 5140. Suppose -4*h + 1777 = -2*h + c, -3*h - c = -r. Is h composite?
False
Suppose -13*d - 746597 + 51909 = -6844845. Is d composite?
False
Let h = 80793 - 34996. Is h a composite number?
True
Suppose -5*q - f + 91 = 0, 2*f = 3*q + 4*f - 56. Is 15434/8*(5 + (-18)/q) a composite number?
False
Let l(j) = 431*j - 13. Let z be l(-5). Let s = z - -5572. Suppose 0 = 11*g - 8201 - s. Is g prime?
False
Let b(s) = 16*s**3 + 5*s**2 + 19*s + 43. Let f(x) = 33*x**3 + 8*x**2 + 39*x + 84. Let w(z) = 11*b(z) - 6*f(z). Is w(-7) a composite number?
True
Let v be 3764914/9 + (-415)/(-45) + -9. Suppose -33*d = -v + 170395. Is d a prime number?
False
Let k(r) = 342095*r + 197. Is k(4) a prime number?
False
Let c be (-2)/3*(10 - 1). Let n(w) = 15*w - 11 + 41 + 2*w**3 - 13*w**3 - 8*w**2 + 25. Is n(c) a prime number?
True
Let q(s) = 2*s**3 + 173*s**2 + 48*s + 196. Is q(-71) a composite number?
False
Suppose 303*h = 243*h + 17686380. Is h a composite number?
False
Let n(d) = 2*d**3 - 6*d**2 - 110*d + 104. Is n(29) composite?
True
Suppose -21*h + 25*h + 3*t = 2027689, 14*h - 7096824 = 2*t. Is h a prime number?
False
Let d(g) = 56896*g + 149.